 - 4*q - 2. Calculate the remainder when f(3) is divided by 19.
17
What is the remainder when 83 is divided by ((-42)/10)/(10/(-50))?
20
Let a = 183 - 129. Calculate the remainder when 71 is divided by ((-3)/(-9))/(1/a).
17
Let s(x) = -x**2 - 21*x - 33. Calculate the remainder when s(-8) is divided by 28.
15
Suppose g = 4*w + 22, 3*g - 7*w = -3*w + 90. What is the remainder when g is divided by 18?
16
Suppose 4*i - 88 = 20. What is the remainder when 106 is divided by i?
25
Let n be -3*(-2)/((-4)/6). Let p = n - -12. Calculate the remainder when p is divided by 3.
0
Suppose -5*n = 3*v - 6 - 10, -2*v + 2*n + 32 = 0. Let d be 12/4*(-8)/3. Calculate the remainder when v is divided by ((-7)/(-4))/((-2)/d).
5
Suppose 2*t - 3*t = -4*q - 45, 3*t + 3*q = 120. Calculate the remainder when t is divided by 14.
13
Let o(w) = 40*w - 6. Let t(n) = 8*n - 1. Let j(p) = -6*o(p) + 28*t(p). Let x be j(-7). What is the remainder when ((-3)/6)/((-4)/x) is divided by 8?
7
Calculate the remainder when (-831)/(-27) + (-2)/(-9) is divided by 8.
7
Suppose 4*r + 4*i + 92 = 0, 2*r + 3*i + 45 = -0*r. Calculate the remainder when (r/14)/(20/(-210)) is divided by 7.
4
Let b = 16 - 12. Suppose -s = b*s - 30. What is the remainder when 23 is divided by s?
5
Suppose -v + 15 = -4*p, 9 + 15 = 4*v - 4*p. Let d(y) = 2*y**2 - 3*y - 2. What is the remainder when (-18)/((-10)/4 + 1) is divided by d(v)?
5
Suppose -3*y - 6*x + 4*x + 21 = 0, -33 = -3*y + 2*x. What is the remainder when 40 is divided by y?
4
Let t = 10 - 6. Suppose t*b + 2*d = 6, 0*d + d = 1. Let w(c) = 23*c**2 + 1. What is the remainder when w(b) is divided by 13?
11
Suppose -22 = 66*n - 68*n. What is the remainder when ((-8)/(-3))/(2/24) is divided by n?
10
Suppose -5*z - 2 = -22. Suppose 2*d = -z*h + 36 - 0, 6 = 2*h. Calculate the remainder when d is divided by 7.
5
Let p = 121 - 110. Suppose 4*d - 28 = -0*d - 4*l, -10 = 2*l. Suppose d + 81 = 3*c. Calculate the remainder when c is divided by p.
9
Calculate the remainder when 35 + 1 + 5 + -3 + 0 is divided by 10.
8
Suppose -10*o + 92 = -8*o. Suppose -4*i = -o - 14. What is the remainder when i is divided by 4?
3
Let t(o) = o**3 + o**2 - 6*o - 1. What is the remainder when 57 is divided by t(3)?
6
Let t = 113 - 80. Calculate the remainder when t is divided by 17.
16
Suppose -2*o = -5*j - 137, 0 = -2*o + 4*j - j + 131. Calculate the remainder when o is divided by 16.
13
Calculate the remainder when 56 is divided by 412/20 + (-6)/10.
16
Let y = -140 + 100. Let t be ((-6)/4)/(15/y). Suppose i - t = -0*i - 2*j, 3*j + 49 = 4*i. What is the remainder when i is divided by 4?
2
Suppose -2*c + 126 = -3*z, z - 189 = -2*c - c. Let u be (-358)/8 - 4/16. Let g = u + c. Calculate the remainder when g is divided by 5.
3
Let w(a) = a**2 - 4*a + 1. What is the remainder when 10 is divided by w(5)?
4
Suppose -11*g - g = -156. Calculate the remainder when 73 is divided by g.
8
Let w(k) = -3*k**3 - k**2 - k + 2. What is the remainder when w(-2) is divided by 7?
3
Suppose 22 = 6*w - 20. What is the remainder when 17 is divided by w?
3
Suppose -4*r = -r + 12. Calculate the remainder when r*(-1)/((-3)/(-12)) is divided by 6.
4
Let c = 5 - 4. Let h(x) = -x + 3. Let s be h(2). Calculate the remainder when (-1)/((-2 - -1)/s) is divided by c.
0
Calculate the remainder when 2/(-6) + (-416)/(-6) is divided by 14.
13
Let v(x) = 40*x**2 + 4*x. Let z(n) = -80*n**2 - 9*n. Let r(i) = 7*v(i) + 3*z(i). What is the remainder when r(1) is divided by 14?
13
Suppose 3*c + c = -r + 13, 0 = 2*r - c - 35. Let u(f) = 3*f + 3 - 6 + 0*f. Calculate the remainder when r is divided by u(3).
5
Let d = -8 + 23. Let t(r) = 4*r**3 + 9*r**2 - 14*r. Let y(k) = -k**3 + k. Let p(n) = -t(n) - 5*y(n). Calculate the remainder when d is divided by p(8).
7
Let w = -47 + 24. Let l = -13 - w. Calculate the remainder when 17 is divided by l.
7
Suppose 2*k = 5*s + 6*k - 63, 5*k = -4*s + 45. Let i(j) = -j**3 - 3*j**2 + 3*j + 2. Calculate the remainder when s is divided by i(-4).
3
Let b be (-16)/(1 + (-9)/6). Suppose -g - 8 + b = 0. What is the remainder when 46 is divided by g?
22
Let a be (-2 - (-24)/3)*4. Let v = a - 45. Calculate the remainder when 23 is divided by (-258)/(-21) + 6/v.
11
Suppose 14 = 2*u - u. Let s = 24 + -16. Calculate the remainder when u is divided by s.
6
Suppose 3*v = -3*z + v + 40, 4*z - v = 35. Let x be (2/(-3))/((-8)/(-132)). Let d = x - -17. Calculate the remainder when z is divided by d.
4
Let q = -29 - -12. Let r = -8 - q. Let i = r - 1. Calculate the remainder when i is divided by 5.
3
Suppose 0 = 5*j - 0*j - 40. Let f = -86 + 54. Let d = f - -55. Calculate the remainder when d is divided by j.
7
Suppose -4*i + 6 = -26. What is the remainder when 20 is divided by i?
4
Calculate the remainder when 84 is divided by (-242)/(-8) - 1/4.
24
Let v(l) = 16*l**2 - 4*l + 3. Let u be v(-4). Suppose -2*s = 3*s - u. What is the remainder when s is divided by 28?
27
Suppose -u + 1 = -3*r + u, -2*u + 16 = 2*r. Suppose 4*d + 12 = 4*x, 0 = r*x - d - 0*d - 13. Calculate the remainder when x is divided by 4.
1
Let a = 250 - 160. Suppose -2*w = w - a. Calculate the remainder when w is divided by 8.
6
Suppose -x + 8 = -1. Suppose s + 3 = 4*j, 4 = -s + x. Suppose j*z - 4 - 8 = 0. What is the remainder when 17 is divided by z?
5
What is the remainder when 46 is divided by ((-280)/15 - -2)*(-3)/2?
21
Suppose -3 = 2*l - l. What is the remainder when (-1)/(l/39) + 0 is divided by 8?
5
Let u = -93 + 273. Let k = -126 + u. What is the remainder when k is divided by 28?
26
Suppose -4*u + 2*b + 160 = 0, 186 = 5*u - 0*b + b. What is the remainder when u is divided by 8?
6
Let h = -5 + 8. Suppose -5*z - h*o = -24, -5*z + o + 9 = -3. Suppose -3*c = z*j + c - 51, 3 = c. Calculate the remainder when 37 is divided by j.
11
Let y(f) = -3*f. Let n be y(-4). Suppose 0 = -b - 6 - 1. Let c = n - b. What is the remainder when 36 is divided by c?
17
Suppose s - 5 = 4. What is the remainder when 24 is divided by s?
6
Let a = 12 + -9. Suppose -2*u - 4*l + 6 = -18, a*u - 27 = 3*l. Let n = 0 - -28. What is the remainder when n is divided by u?
8
Suppose f + 2 = -1. Let h be 3/5 - 52/(-5). Let g = f + h. What is the remainder when g is divided by 3?
2
Let v = -10 - -26. Suppose 2*y + 4 + 4 = -3*s, -2*s = 3*y + 2. What is the remainder when (28/v)/((-1)/s) is divided by 4?
3
Let i = 13 - -4. Calculate the remainder when 33 is divided by i.
16
Let b(w) = -w**3 + 3*w**2 + w - 1. Let c be b(3). What is the remainder when ((-26)/(-6))/(c/6) is divided by 7?
6
Let y(u) = u**3 + 12*u**2 + 20*u + 5. Calculate the remainder when 32 is divided by y(-10).
2
Suppose -8 - 34 = -3*m. What is the remainder when 53 is divided by m?
11
What is the remainder when 28 is divided by (-9)/(-6) - (-85)/10?
8
Let q = 48 - 35. Calculate the remainder when q is divided by 5.
3
Let z = -26 - -36. Suppose -4*t + 5 = -7. What is the remainder when z is divided by t?
1
Let c(j) = j**2 - 3*j + 4. Suppose 2*o - 5 = 1. Let g = 9 + o. Calculate the remainder when c(-3) is divided by g.
10
Let z = 28 + -25. Let k be 8/(-12) + 206/3. Suppose -q - z*q = -k. Calculate the remainder when 49 is divided by q.
15
Suppose -k = -4*k + 5*d + 121, 5*k - 251 = -4*d. Let p(z) = -z**2 + z + 16. Let g be (-2)/3 + 4/6. Calculate the remainder when k is divided by p(g).
15
Suppose -36 = -4*t - 5*z + 32, -4*t = -4*z - 104. Calculate the remainder when t is divided by (-1)/(-2 - (-45)/24).
6
Calculate the remainder when 2*116/(-4)*3/(-2) is divided by 23.
18
Let x = -34 + 57. Suppose 0 = 2*r + 9 - 45. Let b = -6 + r. Calculate the remainder when x is divided by b.
11
Calculate the remainder when 32/(-144) + (-29)/(-9) is divided by 2.
1
Suppose -5*x + 36 = -2*x. Calculate the remainder when -3 - (-3 + 6 - 41) is divided by x.
11
Suppose -2*w + 14 = -6. Let x(h) = -19*h - 4. Let a(d) = 1. Let v(m) = 3*a(m) + x(m). What is the remainder when v(-1) is divided by w?
8
Let n = -6 - -8. Let w(k) = -k**2 - 8*k. Let f be w(-8). Suppose f = n*g + 3*y - 24, g = -y + 10 + 4. What is the remainder when 34 is divided by g?
16
Let w(o) = -o + 6. Suppose -3*q = 2*b - 6, 2*b - 6 = 3*q + 2*q. Let n be w(q). What is the remainder when (-4)/12 - (-206)/n is divided by 18?
16
Suppose 3*v + 5*b - 30 = 0, -2*v - 2*b + 2